*q + 7 - b. Determine m(0).
-1
Let x(v) be the second derivative of -11*v**4/6 + v**3/6 - v**2/2 + v. Suppose -3*k - 6 = -9. What is x(k)?
-22
Let q(t) = -2*t**2 - 2*t**2 - 199*t + 198*t + 1. Let h be (-2)/(-1)*(1 + -2). Calculate q(h).
-13
Suppose 20 = -28*n + 33*n. Let j(c) be the first derivative of -c**5/20 + c**4/4 + c**3/2 - c**2/2 + c + 1. Let s(t) be the first derivative of j(t). Give s(n).
-5
Let b(q) be the first derivative of -9*q**2/2 - 128*q + 857. What is b(-14)?
-2
Let l(g) = -1 - 3 + 6*g**3 + 3. Suppose -6*w + 0 + 12 = 0. Suppose 3*y = -w*q + 4*q + 5, 5*y = -5*q. What is l(y)?
5
Let i(l) = -22*l + 69. Let r be i(3). Suppose 0 = 3*x + 2*x - 15. Let f(h) = r*h**3 - 3 - 11 + 13 - 2*h**2 - 2*h**x - 2*h. Calculate f(-1).
-2
Let c be 2/((-7)/(-14) + 0). Let p(l) be the first derivative of c - 3*l - 1/2*l**2. Determine p(-7).
4
Let d be ((-12)/(-10))/((-24)/(-1280)). Let i(b) = -2*b**2 + b**2 + d - 41 - 33 - 9*b. Give i(-7).
4
Let a(y) be the third derivative of -y**4/24 + 9*y**2. Let u(d) = 8*d. Let c(k) = -6*a(k) - u(k). Give c(-3).
6
Let b(v) = -v**2 - v - 3. Let n be b(0). Let m(j) be the first derivative of 2*j**3/3 + 2*j**2 + 2*j + 15. Calculate m(n).
8
Let m(z) = -z**2 + 3*z - 1. Suppose -5*p + 75 = 3*b, 3*p - 5*b = 13 + 32. Let f = p - 12. Give m(f).
-1
Let c(j) = -4*j**2 - 4*j + 2. Let x(a) = a**2 + a. Let q(i) = c(i) + 3*x(i). Suppose 1 - 9 = -2*d. Suppose -m - d*m = 0. Calculate q(m).
2
Let c(b) be the second derivative of b**7/2520 + b**5/30 - b**4/2 - 3*b**2/2 + 3*b - 9. Let f(y) be the third derivative of c(y). Determine f(0).
4
Let u(k) be the first derivative of 3*k**2 + 4*k - 135. Calculate u(-6).
-32
Suppose 22 = -5*t - 13. Let r(b) = b**3 + 6*b**2 - 9*b - 10. Calculate r(t).
4
Let f = -22 + 41. Let g = -4 + f. Suppose q + 2*q - g = 0. Let s(r) = r - 5. Give s(q).
0
Let z(v) be the first derivative of -v + 1/3*v**3 + v**2 - 35. Let i = 7 + -5. Give z(i).
7
Let q(z) = -z**2 - 3. Let g(w) = -11*w + 36. Let u be g(3). What is q(u)?
-12
Let u(z) = -1 + 4*z**3 + 2*z**3 - 3*z + 4*z. Let r be -9 - (-5 - 3 - -4). Let y be (-4)/(-2)*r/(-10). Calculate u(y).
6
Let t(h) be the first derivative of h**4/12 - h**3/2 - 2*h**2 + 27*h + 30. Let c(b) be the first derivative of t(b). Determine c(3).
-4
Suppose 72*m = 8*m. Let p(z) = z**3 - z**2 + z - 15. Determine p(m).
-15
Let o(h) = -2*h**2 - 3*h - 2. Let w be 10/(-15) + 1/(-3). Calculate o(w).
-1
Let b(s) = s**3 + 2*s**2 - s + 2. Let q(x) = -x**3 - 8*x**2 - 6*x + 9. Let a be q(-7). Suppose p - 2 = a*p. Give b(p).
4
Suppose 4*q = 6*h - 8*h - 4, -2*h + 3*q + 3 = 0. Let k(d) = d - 12. What is k(h)?
-12
Let t(n) = -n**2 + 6*n + 1. Suppose 0*p - 13*p = -156. Suppose p*b - 28 = 5*b. Calculate t(b).
9
Let w(n) be the second derivative of n**4/12 - 2*n**3/3 + 3*n**2/2 + 33*n + 2. Calculate w(4).
3
Let x(t) = 13*t**2 - t**3 - 7 + 4*t + 22 - 5*t. Suppose 0 = 102*r + 13*r - 34 - 1461. Determine x(r).
2
Let n(t) be the first derivative of -t**4/2 + 2*t**3/3 - t**2/2 - 2*t - 221. Give n(2).
-12
Let b(x) = -x + 439*x**2 - 440*x**2 + 2*x + 1. Determine b(0).
1
Let f(n) be the second derivative of -n**4/12 - 7*n**3/6 - 2*n**2 + 2381*n. Let b be 0 + 1 - (-7 - -1). Let s = b - 13. What is f(s)?
2
Let l(c) = c**3 + c**2 + c + 2*c**2 + 7 - 4*c**2. Let i be 0/(-1 + 1 + 2*1). Determine l(i).
7
Let z = 10 - 5. Let a(y) = -y + 2. Let o(m) = -4*m + 6. Suppose 3*j - j - 5*p + 4 = 0, 5*j = p - 10. Let x(w) = j*o(w) + 7*a(w). Calculate x(z).
7
Let j(n) be the second derivative of 1/12*n**4 - n**2 + 6*n + 0 - 1/2*n**3. Let w be -2*(-2)/4*3. What is j(w)?
-2
Let t(c) = -c**3 - 9*c**2 - 8*c + 17. Let i = -742 - -734. Calculate t(i).
17
Let a be (9/4 - 3) + 2/(-8). Let m(f) be the first derivative of f**5/20 + f**4/4 + f**3/6 - f + 1. Let n(d) be the first derivative of m(d). Give n(a).
1
Let z = -15 + 5. Let r be z/(-6)*(-4 - -7). Let l(m) = -2*m**2 - 5*m - 7. Let k(g) = -g**2 - 2*g - 4. Let i(q) = r*k(q) - 3*l(q). Determine i(-4).
-3
Let z(f) = -f**2 - 8*f - 7. Let b be z(-6). Suppose -3*c - 5*a - 6 = 0, 2 = 5*c - 4*a - 25. Let p(i) = 2*i + 5*i - i - c - 5*i. Give p(b).
2
Let o(b) = -2*b - 10*b + 14*b - b - 3. Determine o(6).
3
Let l(n) = -n**2 + 0 - 5 - 7*n + 0*n**2. Let r = -7308 - -7301. Determine l(r).
-5
Let n(o) = o**3 - 6*o**2 + 6*o - 1. Suppose v = 1 + 3. Give n(v).
-9
Let p(c) be the first derivative of c**2/2 - 2*c - 10. Let z(l) = 6*l + 3. Let f be z(-6). Let t be (-6)/(-4)*(-110)/f. Calculate p(t).
3
Let y(k) = -13*k + 17*k + k**3 - 2*k**2 + 4 - 7. Let u(l) = 28*l - 25. Let w be u(1). What is y(w)?
18
Let m(f) = -2 - 2*f - 3*f + 6*f. Let r(w) be the first derivative of w**2/2 - 6*w - 5. Let b be r(0). Calculate m(b).
-8
Let j(u) = -2*u**3 + 13*u**2 + 6*u + 6. Let h be j(7). Let o(a) = -5*a - 2*a + 2*a - 1. Determine o(h).
4
Let l(f) be the first derivative of -1/2*f**2 - 42 + 0*f. Suppose 3 = -5*u - 2. Determine l(u).
1
Let n(g) = -3*g + 12. Let r be n(0). Let p(d) = d**3 - 13*d**2 + 12*d + 2. Let u be p(r). Let s(v) = 7*v - 3. What is s(u)?
11
Let o be (-2)/(-14) - (-13)/7. Suppose -q + w = q + 7, o*q - 13 = -3*w. Let d(n) = -2*n. What is d(q)?
2
Let g(p) = p**2 - 7. Let m(y) = y**3 - 3*y**2 + 3*y - 5. Let h be m(2). Give g(h).
2
Let u = 88 + -88. Suppose u = 13*s - 7*s + 24. Let i(l) be the first derivative of -l**3/3 - 5*l**2/2 + l + 1. Give i(s).
5
Let f be (-75)/18 + (-1)/(-6). Let z(u) = 2*u**3 + 8*u**2 + 2. Let d(g) = g**3 + 4*g**2 + 1. Let q(j) = 5*d(j) - 2*z(j). Calculate q(f).
1
Let w(r) = 3*r**3 - 2*r**2 + 2*r - 1. Let y = 6 - 19. Let p(z) = -2*z + 9 - 5 + z - 16. Let i be p(y). Calculate w(i).
2
Suppose 0 = 9*o - 6*o - 6. Let g(t) = 5*t - t**3 - 7*t + 5 - 6*t**2 + 7*t. Let f(d) = 6*d**3 + 30*d**2 - 25*d - 26. Let s(c) = o*f(c) + 11*g(c). Calculate s(5).
3
Let i be (2/4)/((-12)/(-96)). Let y(t) be the first derivative of 3*t**2 - i + 3*t + 1/3*t**3. Calculate y(-6).
3
Let q(r) be the second derivative of -r**4/12 - 5*r**3/6 - 5*r**2/2 + 8*r. Suppose -7*a = 30 - 2. Give q(a).
-1
Suppose -8*d + 5*d = 0. Let g(u) = 8*u - 11*u + d - 4. Let f be ((-10)/(-4) + -1)*-2. Determine g(f).
5
Let m(j) = -j**2 - 3*j - 1. Let x(a) = -a**2 - 13*a + 5. Let i(l) = -2*m(l) + x(l). Let u be 14 + 0*1/(-2). Suppose 5*k - 16 = 3*r + u, 3*r = 0. Determine i(k).
1
Let x(s) be the first derivative of -s**3/3 + 7*s**2/2 - 6*s - 1. Suppose 4*h + 3*h = -469. Let v = 72 + h. Calculate x(v).
4
Suppose 27*h - 22*h - 5 = 0, 3*h + 3 = 2*j. Let a(y) = -8*y + 4. Calculate a(j).
-20
Let y(u) = 83*u + 48 - 44*u - 42*u. Determine y(16).
0
Suppose 0 = 5*v + 134 - 534. Suppose -z + 5*z = -v. Let m be 8/(-2) + z/(-2). Let t(y) = -y**2 + 9*y - 8. Calculate t(m).
10
Let q(r) be the second derivative of r**5/20 + r**4 - 4*r**2 - 243*r. Give q(-12).
-8
Let z(q) be the second derivative of q**3/2 + 37*q**2/2 + 420*q. Determine z(-11).
4
Let q(o) = o**3 - 5*o**2 - 5*o + 3. Suppose -15*g + 46 = -44. What is q(g)?
9
Let q(y) be the first derivative of 0*y**4 + 1/60*y**5 - 2*y**2 + 4 - 2/3*y**3 + 0*y. Let b(f) be the second derivative of q(f). Calculate b(-4).
12
Let a(t) = -t**3 - 6*t**2 - 5*t - 9. Suppose 0 = 7*l + 213 - 171. Calculate a(l).
21
Suppose -3*l - 2*y = 4, -2 - 2 = 5*l + 2*y. Let q(p) = 52*p + 94. Let x(k) = 23*k + 45. Let a(j) = -4*q(j) + 9*x(j). What is a(l)?
29
Let t(o) be the first derivative of -o**5/60 + o**4/12 - 5*o**3/6 - 3*o**2 - 16. Let g(c) be the second derivative of t(c). Determine g(4).
-13
Let b be (-2 + 2)*(-2)/4. Let i(y) be the second derivative of -y**5/20 - y**4/12 - 5*y**2/2 - 273*y. Determine i(b).
-5
Let q(r) = -2*r + 19. Let d be q(10). Let k(j) = j + 0*j**2 + 1 + 0 - 3*j**3 - j**2. Give k(d).
2
Let u(r) = -r**3 + 6*r**2 + 2. Suppose -4*a + t - 4*t = -21, -2*t = 5*a - 28. Let y = a + 2. Let m = -2 + y. Calculate u(m).
2
Let f(k) = k**3 - k**2 + k - 1. Let b(h) = 3*h**3 + 6*h**2 - 5*h + 2. Let u(g) = -b(g) + 4*f(g). Give u(9).
-6
Let q(s) be the third derivative of s**6/120 + s**5/10 - s**4/4 - s**3/6 + 84*s**2. What is q(-7)?
-8
Let u(z) = -z**2 - 4*z + 8. Let q be u(-6). Suppose 0 = -3*i + 5 - 2. Let l be (10/q)/(i/(-2)). Let w(t) = -t**3 + 5*t**2 - 2. Give w(l).
-2
Let t(c) = 1173*c + 1177*c + 1183*c - 16 - 3534*c. Calculate t(-21).
5
Let k(s) = 3*s - 4*s + 1 - 4 - 5 + 7. Give k(-4).
3
Let c(d)